rime factors of a(-1)?
41, 47
Suppose -5*y + 23541 + 6769 = 0. List the prime factors of 90/(-120) - y/(-8).
757
Suppose 2*j - 2*z + 1548 = 0, -3842 = 5*j - 17*z + 19*z. What are the prime factors of ((-105)/(-2))/(2277/j - -3)?
5, 7
Let z = 2411 + -947. Let g = z - 519. What are the prime factors of g?
3, 5, 7
List the prime factors of 605/(-4 + ((-76)/(-36) - -2)).
3, 5, 11
Suppose 1358618 = -32*g + 1800903 + 1916019. List the prime factors of g.
13, 5669
Let l = 160 - 152. List the prime factors of (6037 + 3)/l + 6.
761
Suppose -1231*o = -1262*o + 556109. What are the prime factors of o?
17939
Suppose -1408*y + 1432*y - 8880 = 0. List the prime factors of y.
2, 5, 37
Let q(u) = u**2 + 16*u + 22. Let r be q(-15). Suppose 46*h - r*h - 13182 = 0. What are the prime factors of h?
2, 13
List the prime factors of (-1)/1*4*325280/(-320).
2, 19, 107
Let y = 161 + -150. Suppose -y*w + 18*w - 882 = 0. What are the prime factors of w?
2, 3, 7
Suppose -13*u + 4824 + 506 = 0. Suppose -h = -f - 2*f - 100, 3*f = -5*h + u. List the prime factors of h.
5, 17
Let c(t) = t**3 + 24*t**2 - 2*t - 2. Let k(q) = -q**3 - 23*q**2 + q + 2. Let b(o) = 4*c(o) + 3*k(o). List the prime factors of b(-27).
7, 19
Suppose s - 3*q = 21, 3*s - 42 + 9 = 3*q. Suppose s = -5*u + 301. Let k = u + -43. What are the prime factors of k?
2
Let h(s) = -s**3 + 52*s**2 + 70*s - 1484. List the prime factors of h(46).
2, 11, 41
Let g = 49099 - 25952. List the prime factors of g.
79, 293
Suppose -524832 = 119*m - 147*m. What are the prime factors of m?
2, 3, 11, 71
Suppose -2*g - 4*s = -4338, 0 = -2*g + 3*s + 2255 + 2104. What are the prime factors of g?
3, 5, 29
Suppose w + 30920 = 12*f - 7*f, -2*w - 24736 = -4*f. List the prime factors of f.
2, 773
Let c be 120*(-2 - (-70)/15). Suppose 5*x + 2*a = 1715, 0*x - c = -x - 5*a. List the prime factors of x.
3, 5, 23
Suppose 69*i - 70*i + 1612 = 0. What are the prime factors of i?
2, 13, 31
Let r be 8 + 8*(-7)/(-28). Suppose -r*o = -11*o + 229. List the prime factors of o.
229
Let l(p) = 456*p**2 - 112*p - 74. What are the prime factors of l(7)?
2, 3, 3581
Suppose -2*v + 5 = 1. Let b(r) = 12*r - 4 - 4 + v - 2. List the prime factors of b(4).
2, 5
Suppose 0 = -27*s + 47*s - 209560. What are the prime factors of s?
2, 13, 31
Let b(t) = 527*t + 3620. What are the prime factors of b(-6)?
2, 229
Let k = -88 + 85. Let s(m) = m**2 - m + 1. Let v(y) = 8*y**2 - y + 6. Let u(i) = -2*s(i) + v(i). List the prime factors of u(k).
5, 11
List the prime factors of (14/(-11) - -1) + 148016719/4411.
2, 8389
Let r(f) = 57*f + 30. Let n be (-840)/(-98) + (-9)/(-21). List the prime factors of r(n).
3, 181
Let o(c) be the second derivative of c**5/20 + 7*c**4/3 - 2*c**3 - 9*c**2/2 + 45*c + 2. List the prime factors of o(-28).
3, 109
Let j = 73 - 73. Suppose k - p - 3*p - 21 = j, -3*k - 4*p = 1. Suppose k*o + 441 = -m + 5*m, 99 = m - 5*o. List the prime factors of m.
2, 3, 19
Let u = 36 - 33. Suppose -4*r - 4*p + 2011 = -p, -1509 = -u*r - 3*p. What are the prime factors of r?
2, 251
Let n(q) = 202*q - 41. Let c(h) = -h + 54. Let m be c(49). List the prime factors of n(m).
3, 17, 19
Let k(c) = 30*c**3 - 4*c**2 - 3. Let s be 6 - ((-12 - -7) + 8). What are the prime factors of k(s)?
3, 257
Suppose i = 2933 + 2429. What are the prime factors of i?
2, 7, 383
Suppose -569*v + 76905 = -560*v. What are the prime factors of v?
5, 1709
Suppose 107*a = 102*a + 3090. Let h = a - 156. List the prime factors of h.
2, 3, 7, 11
Suppose 4*i + 30 - 222 = 0. Suppose 6*o - 11*o = -9*o. Suppose o*q = 6*q - i. List the prime factors of q.
2
Suppose 0 = -4*o - 6*m + 168146, 32*m - 30*m + 126064 = 3*o. List the prime factors of o.
2, 21013
Let g be (1632/28)/((-1)/(-7)). Suppose 4*d + c - g = 0, 0 = -3*d - c - c + 306. What are the prime factors of d?
2, 3, 17
Let g(p) = 15 - 12*p + 23*p + 8*p. Let y(v) = 1. Let h(z) = g(z) - 3*y(z). What are the prime factors of h(2)?
2, 5
Let u = -249 - -252. Suppose u*w + 2*a = 790, 534 = -8*w + 10*w + 5*a. What are the prime factors of w?
2, 131
Suppose 4*l - 4*q - 72512 = -q, -5*q - 90635 = -5*l. List the prime factors of l.
18131
Let b be 3/4 - 2/(-8). Let v be 1 + b + -4 + 3 + -85. What are the prime factors of 734/14 - 48/v?
53
Suppose -557 = 5*t + 63. Suppose -2*w = w + 3*o + 228, w = 5*o - 64. Let k = w - t. List the prime factors of k.
2, 5
Let v = 5082 + 1188. What are the prime factors of v?
2, 3, 5, 11, 19
Let x = 14293 - 5985. What are the prime factors of x?
2, 31, 67
Suppose 6*l - 10*l - 3*h = -43224, 4*l + 2*h - 43228 = 0. What are the prime factors of l?
3, 1201
Let a(m) = -m**2 - 6*m + 17. Let u be a(-8). Let s be u - (92/8 - 6/4). Let o(d) = -34*d - 15. What are the prime factors of o(s)?
3, 97
Let n(v) = 29*v**2 + 1. Let p be n(1). Let d(l) = l**2 + l - 2. Let f be d(-1). List the prime factors of ((-135)/p)/(f/92).
3, 23
Suppose -2*f + 3*d = -140046, 57*d + 1260622 = 18*f + 56*d. What are the prime factors of f?
3, 5, 7, 23, 29
Let n = 95 - 92. Suppose -n*q = 95 - 140. Let i = q - 12. What are the prime factors of i?
3
Suppose -5*w = -0*w + 4*h + 18, 0 = 3*w + 2*h + 10. Let k be (-1 + w/(-4))*-10. List the prime factors of 3/(6/172 + (k - 5)).
2, 43
Let c be (-2 - (-5)/2) + 3638/4. Suppose -25*l - c = -32*l. Let b = l + -59. List the prime factors of b.
71
Let f = -10024 + 35467. What are the prime factors of f?
3, 11, 257
What are the prime factors of 40 + -48 - (-105240 + 4)/4?
3, 11, 797
Suppose 3*l = 4*m + 7, -l + 5*m + 4 = -13. Let t(u) be the second derivative of 7*u**4/12 - 2*u**3/3 - 11*u**2/2 - 323*u. List the prime factors of t(l).
2
Let r = 276 - 193. Let t = r + 139. What are the prime factors of t?
2, 3, 37
Let s(t) = -t**2 - 102*t + 16662. What are the prime factors of s(0)?
2, 3, 2777
Let z(w) = 63*w**2 + 14. List the prime factors of z(-3).
7, 83
Let b(w) = 22*w + 64. Let m be b(-5). Let k = m - -176. What are the prime factors of k?
2, 5, 13
Suppose 4*q - 8 = 0, -4*x + 102 = -9*x + q. Let p = x - -24. Suppose -2*y + p*w = -80, y = -0*y + w + 39. What are the prime factors of y?
2, 19
Suppose 0 = -f - 97 + 17. Suppose -4*h - 121 = 2*c - 3*c, -164 = 5*h + 3*c. Let y = h - f. What are the prime factors of y?
7
Suppose -7564310 = 3265*b - 3395*b. List the prime factors of b.
31, 1877
What are the prime factors of ((-85416)/(-36) + -3)/((-2)/(-24))?
2, 7109
Suppose 5*w = -0*w + 150. Suppose -w = -11*g + 14. Suppose 0 = -u + 3*i + 85 + 28, -508 = -g*u - 2*i. List the prime factors of u.
5
Let u(q) = 13*q**2 - 7*q + 4. Let z be (-37)/(-7) + (-4)/42*3. Let o be u(z). Suppose -o = -2*k - 4*k. What are the prime factors of k?
7
Suppose 6*m + 6*m = -19188. Let r = 2817 + m. What are the prime factors of r?
2, 3, 7, 29
Suppose 0 = -3*t - 2*j + 1914, -t - 3*j + 621 = -8*j. Let s be (t/15)/((-5)/50). What are the prime factors of (s/6)/((-4)/6)?
2, 53
Let r(u) = -16*u + 25. Let j be r(5). Let i = j + 47. What are the prime factors of 14/(-63) - i*1041/54?
2, 7, 11
Let v(o) = -50*o + 3720. What are the prime factors of v(-30)?
2, 3, 5, 29
Suppose -r - 383 = 5*g, 0*g = -3*g - 5*r - 243. Let o = 134 + g. What are the prime factors of o?
2, 29
Let r = 124 + -108. Suppose -2668 = -7*q - r*q. List the prime factors of q.
2, 29
Suppose -35*x = 428 + 25507. Let k = 1824 + x. List the prime factors of k.
3, 19
Suppose 0 = -2*v - q - 5, 15*q - 20*q - 25 = v. Suppose -845*k + 855*k - 3380 = v. List the prime factors of k.
2, 13
Suppose 2*h = 13*h + 12*h - 1944995. List the prime factors of h.
5, 13, 1301
Suppose -4*k - 65160 = -4*h, -36 = -36*k + 40*k. What are the prime factors of h?
3, 67
Let a be 4 - (-6 - -10)/4. Suppose 0 = a*h + 14*h - 5984. What are the prime factors of h?
2, 11
Let h be ((-10)/(-5))/(((-2)/36)/1). Let u be 4/18 - 136/h. What are the prime factors of u - (3 + 741/(-3))?
2, 31
Let s = -15 - -17. Suppose 3*x = 3, 0 = s*d - 0*x + x - 279. Let v = d - 58. What are the prime factors of v?
3
Let n be ((-20)/(-14) + 0)/((-3)/(-21)). Let x(s) = 14*s - 73. List the prime factors of x(n).
67
Let g(b) = 1997*b**3 + 4*b**2 - 30*b + 52. List the prime factors of g(2).
2, 3, 37
Suppose 2*c = 4*t - 36002 - 8056, -3*c = 4*t - 44043. List the prime factors of t.
3, 3671
Let b(g) = 7*g + 19. Let w be b(-5). Let d(i) = i**2 + 14*i - 